 the prime factors of h?
11
Let r = 285 - -86. What are the prime factors of r?
7, 53
Suppose -x = -j - 19, -92 = 5*j - 5*x + x. Let f(v) = 3*v + 14. Let l be f(j). What are the prime factors of -2 + (l/(-2) - 3)?
2, 3
Suppose -3*q = -5*q + 10. Suppose -6*i = -q*i + 8. What are the prime factors of 1/(i/(-7) + -1)?
7
What are the prime factors of 35140/180 - 2/9?
3, 5, 13
Let p be 4*1*(-3)/(-12). Let a = -9 - -5. What are the prime factors of 15 + (-1 - (p + a))?
17
Let i(u) = -3*u - 3*u - u**3 - 2*u**2 + 2 + 5*u + 2. Let n be i(0). List the prime factors of 558/12 - 6/n.
3, 5
Suppose -3*w = -3, -4*y = w - 4*w - 61. List the prime factors of -2 + 2/1 + y.
2
Suppose 5*f = -3*v + 9448, -4*v + 2*f = -5226 - 7354. List the prime factors of v.
2, 11, 13
Let o = -2044 - -3158. What are the prime factors of o?
2, 557
Let h(r) = -r**2 + 6*r + 1. Let a be h(6). Let o be (a - 4) + 72 + -9. Let w = -30 + o. What are the prime factors of w?
2, 3, 5
Let t(m) = 791*m - 159. List the prime factors of t(4).
5, 601
Let u be (0 + (-10)/25)*-5. Suppose d - u*y = 14, d - y = 2*d - 23. List the prime factors of d.
2, 5
Let n = -99 + 58. Let q(g) = 63*g + 1. Let j be q(1). Let s = j + n. What are the prime factors of s?
23
Let i = 917 - 326. What are the prime factors of i?
3, 197
Let h = 16 - 12. Suppose x = h*t + 21, 15 = -t + 4*t. What are the prime factors of x?
41
Let h(l) = l**3 - 6*l**2 + 2*l + 6. Let t(q) = -2*q**3 - 2*q**2 + q + 6. Let p be t(0). What are the prime factors of h(p)?
2, 3
Let u(d) be the third derivative of 0*d**4 + 5*d**2 + 1/30*d**5 + 0 - 1/2*d**3 + 0*d. List the prime factors of u(3).
3, 5
Suppose -5*m + 2*m = 3*h + 261, -m = -2*h + 99. Let j = 230 + m. What are the prime factors of j?
139
Let v be 3/(-6) - (-22)/(-4). Let b(x) = x**3 - 5*x + 9*x**2 - 12 + 2*x**2 - 4*x**2. List the prime factors of b(v).
2, 3
Let t be 0 + 0 - -3*(-18)/(-3). Suppose -t*c + 21*c = 876. What are the prime factors of c?
2, 73
Suppose 5*g + 56 = 36, -4*g - 586 = -u. List the prime factors of u.
2, 3, 5, 19
Let i = -365 + 544. What are the prime factors of i?
179
Let p(y) = y**2 + 9*y + 1. Let z be p(-10). Suppose 3 = -4*m + z. Suppose 204 = m*x + 4*x. List the prime factors of x.
2, 17
Let r(w) = -5 + 26 - w + 11. Let p be 18/6 - -10 - 1. List the prime factors of r(p).
2, 5
Suppose -4*j - 5*q + 3501 + 4342 = 0, 3*j + 2*q - 5891 = 0. List the prime factors of j.
7, 281
Suppose -72*x + 1171 = -71*x + 2*j, -4*x + 3*j + 4673 = 0. What are the prime factors of x?
7, 167
Let o(i) = -99*i**3 + i**2 - i - 1. Let j = 8 + -9. Let p be o(j). Suppose -p = -f - 4*f. What are the prime factors of f?
2, 5
Let i(s) = -4*s**3 + 9*s**2 - 6*s + 2. Let a(d) = 2*d**3 - 5*d**2 + 3*d - 1. Let p(c) = -7*a(c) - 4*i(c). What are the prime factors of p(2)?
17
Suppose 697 = -3*f + 20*f. List the prime factors of f.
41
Let w = 988 + -661. List the prime factors of w.
3, 109
Suppose 17 = -3*j + 4*j. Suppose 28 = 3*s - j. List the prime factors of ((-12)/(-10))/(s/100).
2
Let p(a) = -a**3 + 8*a**2 + 7*a - 3. Let b be p(7). Suppose -4*s + b = s. What are the prime factors of s?
19
Let t(c) = 193*c - 2. Let k be t(1). Let x = -109 + k. Let i = x + -51. What are the prime factors of i?
31
Let c(d) = 9*d + 23. Let l(m) = 9*m + 22. Let s(h) = 6*c(h) - 5*l(h). What are the prime factors of s(18)?
2, 5, 19
List the prime factors of (-9)/(-18)*0 + 688.
2, 43
Suppose -3*a - 4*x = -5528, -10*x = -3*a - 13*x + 5529. List the prime factors of a.
2, 461
Let n(u) be the third derivative of -u**5/60 + 3*u**4/8 - u**3 + 13*u**2. Let y(g) = 6*g + 1. Let b be y(1). List the prime factors of n(b).
2
Let s(j) = -4*j**2 + 57*j - 9. List the prime factors of s(13).
2, 7
Let s = 22 + -20. Suppose -2*i + s + 12 = 0. List the prime factors of 299/i + (-8)/(-28).
43
Let g(c) = 9*c - 12. Let t(m) = 3*m**2 + 11*m + 7. Let w be t(-4). List the prime factors of g(w).
3, 29
Let t be (-2)/6*3*-446. Suppose -v - 2*z - t = 0, 5*v - 5*z + 2220 = -10*z. What are the prime factors of v/(-6) + (-30)/45?
73
Let t(o) = 420*o - 128. What are the prime factors of t(3)?
2, 283
Let q be 36/(-8)*8/(-12). Let i(a) = -26*a - 1 - q - 6 - 1. What are the prime factors of i(-3)?
67
List the prime factors of 599*(16/(-8))/(-1 - 1).
599
Suppose 15 = -2*r + 3. Let a = 6 + r. Suppose a = -v - 2*v + 3, 91 = 5*c + v. What are the prime factors of c?
2, 3
What are the prime factors of -9 + 10 - 3*-165?
2, 31
Suppose -b - c + 7 = 0, -2*b = 5*c - c - 22. Let d(n) be the third derivative of 3*n**4/8 + n**3/3 + 4*n**2. List the prime factors of d(b).
29
What are the prime factors of (12816/(-28))/(37/(-259))?
2, 3, 89
Let d(o) = o**2 + 5*o - 3. Let l be d(-10). Suppose l + 129 = 2*c. What are the prime factors of c?
2, 11
Let l(s) = -s + 8. Let p be l(4). Suppose m + 20 = -4*j, -3*m + 4*j + 11 = -9. Suppose -p = 2*o, -i + m*o + 3*o + 22 = 0. List the prime factors of i.
2
Let p = 45 - 55. Let f = p + 46. What are the prime factors of f?
2, 3
Let d(j) be the third derivative of -j**6/120 + j**5/15 - j**4/8 + 18*j**2. Let u = -5 - -7. List the prime factors of d(u).
2
Let k(b) = -9*b**3 + 2*b**2 - 13*b + 8. List the prime factors of k(-3).
2, 7, 11
Suppose 0 = 5*z - z - 5*q - 38, 2*z - 4*q = 16. Let o = 80 - z. What are the prime factors of o?
2, 17
Let m = 3 - 0. Suppose 2*o - 106 = -5*q + 273, -m*q - 217 = -o. What are the prime factors of o?
2, 101
Let h = -107 + 91. Let s = 77 + h. List the prime factors of s.
61
Let i = -8 - -5. Let j be 63 - 4/5*(-55)/22. Let x = j + i. List the prime factors of x.
2, 31
Let j = 461 + 223. What are the prime factors of j?
2, 3, 19
Suppose -55 = -0*b - b - 4*m, -170 = -5*b + m. Suppose b + 9 = o. What are the prime factors of 8/(-3)*(-627)/o?
2, 19
Let y = -31 - -33. Suppose 2*u - 200 = -y*u. List the prime factors of u.
2, 5
List the prime factors of 18202/(-95)*(1 + 2 + -8).
2, 479
Let z(n) = -n**3 + 2*n + 718. List the prime factors of z(0).
2, 359
Let v(a) = -a + 10. Let g(k) = 0 - 3*k + 2*k + 6*k + 8. Let i be g(-4). List the prime factors of v(i).
2, 11
Let j be (2 - 5/3)/(2/(-150)). Let q = 41 - j. What are the prime factors of q?
2, 3, 11
Suppose -4*l = -201 + 77. List the prime factors of l.
31
Let v(u) = 2*u. Let m be v(2). Suppose -2*s + m = 2*j, 2*s - 22 = -9*j + 4*j. List the prime factors of (-355)/(-20) - j/8.
17
Suppose 24*o - 620 = 22*o. Let m = 455 - o. What are the prime factors of m?
5, 29
Suppose 2*k + 4 - 8 = 0. Suppose 2*p = -2*p + 2*s + 12, 0 = -k*p + 2*s + 8. Suppose -3*h = 3*y - 2*y - 7, 14 = 3*y + p*h. What are the prime factors of y?
2
Let c be 0/((-4)/(-1) - 3). Suppose -j + c*j = 0. Suppose -2*q + 8 + 16 = j. List the prime factors of q.
2, 3
Suppose -1205 = -60*f + 59*f + n, -4 = 4*n. List the prime factors of f.
2, 7, 43
Let o be 115/(-15) + 2/3. Let s = o - -14. Suppose s*r - 2*r = 85. What are the prime factors of r?
17
Suppose -5 = 5*k, -5*n - 7 + 31 = -4*k. Suppose 4*b = -4*d + 64, 0*b - n = d - 4*b. Suppose -d = -3*w - 6. What are the prime factors of w?
2
Suppose 5*y = -i + 387 + 56, -2*y + 1342 = 3*i. Suppose i = -0*q + 8*q. What are the prime factors of q?
2, 7
Let k(a) = 46*a - 6. Let c be k(6). Suppose 87 - c = -3*b. What are the prime factors of b?
61
Suppose -u = -2*u + 4. Suppose 3*y - u = -y. List the prime factors of (y + 2)*(-33)/(-9).
11
Let d = -294 - -834. Suppose -7*c - 2*c + d = 0. List the prime factors of c.
2, 3, 5
Let i(b) = b**3 - 5*b**2 + b - 3. Suppose 7*o - 4*o + 48 = 0. Let g = 21 + o. List the prime factors of i(g).
2
Suppose 3*g - 3*s + 17 = 95, 4*g - 90 = -3*s. Let b = 27 - g. Let p(t) = 17*t. What are the prime factors of p(b)?
3, 17
Suppose -2 = -4*j + 4*g + g, -5 = j - 4*g. Suppose j*f + 3 = 9. List the prime factors of f.
2
Let u(g) = -21*g + 10. Let s(v) = 2*v. Let a(f) = 22*s(f) + 2*u(f). Let k be a(-10). Suppose -4*l + 63 + 113 = k. List the prime factors of l.
2, 11
Let o = -427 + 584. List the prime factors of o.
157
Suppose 2*k + 8 = 0, 4*k - 1135 = -3*f - k. Let z = f - 270. What are the prime factors of z?
5, 23
Let u(a) = a**2 - a + 2. Let f be u(2). Suppose -5*p + f*p + 13 = 0. Suppose -5*l + 4*l + p = 0. What are the prime factors of l?
13
Let x = -16 - -24. Let j(w) = w**2 - 5*w + 12. Let t be j(x). Suppose 3*s + 5*g = -t + 154,